{"id":782,"date":"2015-03-29T12:08:15","date_gmt":"2015-03-29T12:08:15","guid":{"rendered":"http:\/\/www.ewazygalska.de\/?page_id=782"},"modified":"2025-05-19T07:44:34","modified_gmt":"2025-05-19T07:44:34","slug":"impressum","status":"publish","type":"page","link":"http:\/\/www.ewazygalska.de\/?page_id=782","title":{"rendered":"<small>Impressum<\/small>"},"content":{"rendered":"<p>Alle auf der Seite enthaltenen Informationen sind nach besten Wissen und Gewissen erstellt.&nbsp; F\u00fcr die Richtigkeit und Volst\u00e4ndigkeit der Daten sowie technische Funktion der Webseite wird keine Gew\u00e4hr \u00fcbernommen. Inhalte k\u00f6nnen ohne vorherige Mitteilung jederzeit ge\u00e4ndert oder gel\u00f6scht werden. Alle Texte und Abbildungen unterlegen dem Urheberrecht und anderen Gesetzen zum Schutz geistigen Eigentums. Sie d\u00fcrfen weder f\u00fcr Handelszwecke oder zur Weitergabe kopiert noch ver\u00e4ndert oder auf anderen Webseits verwendet werden. Ich bin f\u00fcr die Websites die durch einen von mir angebotenen Link erreicht werden nicht verantwortlich und distanziere ich mich von deren Inhalt.<\/p>\n<p>(Urteil vom 12.05.1998-&#8222;Haftung f\u00fcr Links&#8220;- 31208598, Landgericht Hamburg)<\/p>\n<p>\u00a9&nbsp; Ewa Stawiarska-Zygalska,&nbsp; 2015<\/p>\n<div id=\"attachment_1505\" style=\"width: 310px\" class=\"wp-caption alignnone\"><a href=\"http:\/\/www.ewazygalska.de\/wp-content\/uploads\/2015\/09\/FL2.jpg\"><img loading=\"lazy\" decoding=\"async\" aria-describedby=\"caption-attachment-1505\" class=\"wp-image-1505 size-medium\" src=\"http:\/\/www.ewazygalska.de\/wp-content\/uploads\/2015\/09\/FL2-300x200.jpg\" alt=\"FL2\" width=\"300\" height=\"200\" srcset=\"http:\/\/www.ewazygalska.de\/wp-content\/uploads\/2015\/09\/FL2-300x200.jpg 300w, http:\/\/www.ewazygalska.de\/wp-content\/uploads\/2015\/09\/FL2-1024x683.jpg 1024w, http:\/\/www.ewazygalska.de\/wp-content\/uploads\/2015\/09\/FL2-624x416.jpg 624w, http:\/\/www.ewazygalska.de\/wp-content\/uploads\/2015\/09\/FL2.jpg 1134w\" sizes=\"auto, (max-width: 300px) 100vw, 300px\" \/><\/a><p id=\"caption-attachment-1505\" class=\"wp-caption-text\">Blick aus dem Fenster , Sommer 2015<\/p><\/div>\n<p>Hardtstr.14a ,&nbsp; 58636 Iserlohn,<\/p>\n<p>Tel. +49(0)2371 136 10<\/p>\n<p>&nbsp;<\/p>\n<p>&nbsp;<\/p>\n<p>&nbsp;<\/p>\n<p>&nbsp;<\/p>\n","protected":false},"excerpt":{"rendered":"<p>Alle auf der Seite enthaltenen Informationen sind nach besten Wissen und Gewissen erstellt.&nbsp; F\u00fcr die Richtigkeit und Volst\u00e4ndigkeit der Daten sowie technische Funktion der Webseite wird keine Gew\u00e4hr \u00fcbernommen. Inhalte k\u00f6nnen ohne vorherige Mitteilung jederzeit ge\u00e4ndert oder gel\u00f6scht werden. Alle Texte und Abbildungen unterlegen dem Urheberrecht und anderen Gesetzen zum Schutz geistigen Eigentums. Sie d\u00fcrfen [&hellip;]<\/p>\n","protected":false},"author":1,"featured_media":0,"parent":0,"menu_order":0,"comment_status":"closed","ping_status":"open","template":"page-templates\/full-width.php","meta":{"footnotes":""},"class_list":["post-782","page","type-page","status-publish","hentry"],"_links":{"self":[{"href":"http:\/\/www.ewazygalska.de\/index.php?rest_route=\/wp\/v2\/pages\/782","targetHints":{"allow":["GET"]}}],"collection":[{"href":"http:\/\/www.ewazygalska.de\/index.php?rest_route=\/wp\/v2\/pages"}],"about":[{"href":"http:\/\/www.ewazygalska.de\/index.php?rest_route=\/wp\/v2\/types\/page"}],"author":[{"embeddable":true,"href":"http:\/\/www.ewazygalska.de\/index.php?rest_route=\/wp\/v2\/users\/1"}],"replies":[{"embeddable":true,"href":"http:\/\/www.ewazygalska.de\/index.php?rest_route=%2Fwp%2Fv2%2Fcomments&post=782"}],"version-history":[{"count":44,"href":"http:\/\/www.ewazygalska.de\/index.php?rest_route=\/wp\/v2\/pages\/782\/revisions"}],"predecessor-version":[{"id":3970,"href":"http:\/\/www.ewazygalska.de\/index.php?rest_route=\/wp\/v2\/pages\/782\/revisions\/3970"}],"wp:attachment":[{"href":"http:\/\/www.ewazygalska.de\/index.php?rest_route=%2Fwp%2Fv2%2Fmedia&parent=782"}],"curies":[{"name":"wp","href":"https:\/\/api.w.org\/{rel}","templated":true}]}}